{"id":7842,"date":"2025-12-08T20:49:55","date_gmt":"2025-12-08T19:49:55","guid":{"rendered":"https:\/\/montessori-traunstein.de\/?page_id=7842"},"modified":"2025-12-08T21:25:48","modified_gmt":"2025-12-08T20:25:48","slug":"auszeichnungen-und-internationale-projekte","status":"publish","type":"page","link":"https:\/\/montessori-traunstein.de\/index.php\/auszeichnungen-und-internationale-projekte\/","title":{"rendered":"Auszeichnungen und internationale Projekte"},"content":{"rendered":"\t\t<div data-elementor-type=\"wp-page\" data-elementor-id=\"7842\" class=\"elementor elementor-7842\" data-elementor-post-type=\"page\">\n\t\t\t\t\t\t<section class=\"elementor-section elementor-top-section elementor-element elementor-element-5d00dc7 elementor-section-boxed elementor-section-height-default elementor-section-height-default\" data-id=\"5d00dc7\" data-element_type=\"section\" data-e-type=\"section\">\n\t\t\t\t\t\t<div class=\"elementor-container elementor-column-gap-default\">\n\t\t\t\t\t<div class=\"elementor-column elementor-col-100 elementor-top-column elementor-element elementor-element-8463cc1\" data-id=\"8463cc1\" data-element_type=\"column\" data-e-type=\"column\">\n\t\t\t<div class=\"elementor-widget-wrap elementor-element-populated\">\n\t\t\t\t\t\t<div class=\"elementor-element elementor-element-9050b44 elementor-widget elementor-widget-text-editor\" data-id=\"9050b44\" data-element_type=\"widget\" data-e-type=\"widget\" data-widget_type=\"text-editor.default\">\n\t\t\t\t<div class=\"elementor-widget-container\">\n\t\t\t\t\t\t\t\t\t<h5>&nbsp; &nbsp; &nbsp; &nbsp; &nbsp; &nbsp; &nbsp; &nbsp; &nbsp; &nbsp; &nbsp; &nbsp; &nbsp; &nbsp; &nbsp; &nbsp; &nbsp; &nbsp; &nbsp; &nbsp; &nbsp; &nbsp;Wi<b>r sind \u201eUmweltschule \/ Internationale Nachhaltigkeitsschule 2024\u201325\u201c!<\/b><\/h5>\n<p>Gro\u00dfe Freude und berechtigter Stolz an der Montessori-Schule Traunstein. Wir wurden als&nbsp;<b>\u201eUmweltschule \/ Internationale Nachhaltigkeitsschule 2024\u201325\u201c<\/b> mit einem Sternausgezeichnet und d\u00fcrfen diesen Titel nun f\u00fcr ein Jahr auf unseren Fahnen tragen. Diese Ehrung erhalten Schulen, die sich mit kreativen Projekten und echtem Engagement f\u00fcr Umweltbewusstsein und Nachhaltigkeit einsetzen \u2013 und genau das leben wir Tag f\u00fcr Tag.<\/p>\n<p>Unsere<b> Schulbienen<\/b> summen schon fr\u00fch am Morgen \u00fcber die Beete, die in unserem <b>Schulgarten<\/b> von den Klassen gepflegt werden. Hier lernen Kinder, was es hei\u00dft, Verantwortung zu\u00fcbernehmen: Pflanzen wachsen zu sehen, zu ernten und den Kompost wieder in fruchtbare Erde zu verwandeln. Beim Projekt <b>\u201eSch\u00fcler <\/b>k<b>ochen f\u00fcr Sch\u00fcler\u201c<\/b> wird gemeinsam geschnippelt, gekocht, gegessen und gelernt \u2013 mit regionalen, saisonalen und biologischen Zutaten. Auch unser <b>Pausenverkauf <\/b>zeigt, dass gesunde Ern\u00e4hrung Spa\u00df machen kann: Sch\u00fcler \u00fcbernehmen Verantwortung und achten auf ein gesundes Pausen-\u201cBrot\u201c. Und weil Nachhaltigkeit auch bedeutet, Ressourcen zu schonen, achten wir mit unserem <b>M\u00fcll- und Recyclingkonzept<\/b> darauf, Abf\u00e4lle zu vermeiden und richtig zu trennen. Mit all diesen Projekten und Aufgaben sind wir zu diesem Wettbewerb angetreten, denn: \u201eWir wollen, dass unsere Sch\u00fcler nicht nur \u00fcber Nachhaltigkeit sprechen, sondern sie erleben\u201c, so der Konsens im Lehrer-Team. \u201eDas gelingt uns, weil die ganze Schulgemeinschaft \u2013 Kinder, Eltern und P\u00e4dagogen \u2013 an einem Strang zieht.\u201c<\/p>\n<p>Ein besonderes Highlight: Am <b>11. Juni 2026<\/b> fahren wir zum <b>\u201eDay of Hope\u201c nach M\u00fcnchen<\/b>, um dort unsere Projekte zu pr\u00e4sentieren und uns mit anderen Nachhaltigkeitsschulen auszutauschen.<\/p>\n<p>Diese Auszeichnung ist f\u00fcr uns ein Ansporn, unseren Weg weiterzugehen: <b>Bewusst leben<\/b>. <b>Verantwortung \u00fcbernehmen<\/b>. <b>Zukunft gestalten<\/b>.<b> &nbsp;<\/b><\/p>\t\t\t\t\t\t\t\t<\/div>\n\t\t\t\t<\/div>\n\t\t\t\t\t<\/div>\n\t\t<\/div>\n\t\t\t\t\t<\/div>\n\t\t<\/section>\n\t\t\t\t<\/div>\n\t\t","protected":false},"excerpt":{"rendered":"<p>&nbsp; &nbsp; &nbsp; &nbsp; &nbsp; &nbsp; &nbsp; &nbsp; &nbsp; &nbsp; &nbsp; &nbsp; &nbsp; &nbsp; &nbsp; &nbsp; &nbsp; &nbsp; &nbsp; &nbsp; &nbsp; &nbsp;Wir sind \u201eUmweltschule \/ Internationale Nachhaltigkeitsschule 2024\u201325\u201c! Gro\u00dfe Freude und berechtigter Stolz an der Montessori-Schule Traunstein. Wir wurden als&nbsp;\u201eUmweltschule \/ Internationale Nachhaltigkeitsschule 2024\u201325\u201c mit einem Sternausgezeichnet und d\u00fcrfen diesen Titel nun f\u00fcr ein Jahr [&hellip;]<\/p>\n","protected":false},"author":3,"featured_media":0,"parent":0,"menu_order":0,"comment_status":"closed","ping_status":"closed","template":"","meta":{"footnotes":""},"folder":[],"class_list":["post-7842","page","type-page","status-publish","hentry"],"yoast_head":"<!-- This site is optimized with the Yoast SEO plugin v27.5 - https:\/\/yoast.com\/product\/yoast-seo-wordpress\/ -->\n<title>Auszeichnungen und internationale Projekte &#8212; Montessori-Schule Traunstein<\/title>\n<meta name=\"robots\" content=\"index, follow, max-snippet:-1, max-image-preview:large, max-video-preview:-1\" \/>\n<link rel=\"canonical\" href=\"https:\/\/montessori-traunstein.de\/index.php\/auszeichnungen-und-internationale-projekte\/\" \/>\n<meta property=\"og:locale\" content=\"de_DE\" \/>\n<meta property=\"og:type\" content=\"article\" \/>\n<meta property=\"og:title\" content=\"Auszeichnungen und internationale Projekte &#8212; Montessori-Schule Traunstein\" \/>\n<meta property=\"og:description\" content=\"&nbsp; &nbsp; &nbsp; &nbsp; &nbsp; &nbsp; &nbsp; &nbsp; &nbsp; &nbsp; &nbsp; &nbsp; &nbsp; &nbsp; &nbsp; &nbsp; &nbsp; &nbsp; &nbsp; &nbsp; &nbsp; &nbsp;Wir sind \u201eUmweltschule \/ Internationale Nachhaltigkeitsschule 2024\u201325\u201c! Gro\u00dfe Freude und berechtigter Stolz an der Montessori-Schule Traunstein. Wir wurden als&nbsp;\u201eUmweltschule \/ Internationale Nachhaltigkeitsschule 2024\u201325\u201c mit einem Sternausgezeichnet und d\u00fcrfen diesen Titel nun f\u00fcr ein Jahr [&hellip;]\" \/>\n<meta property=\"og:url\" content=\"https:\/\/montessori-traunstein.de\/index.php\/auszeichnungen-und-internationale-projekte\/\" \/>\n<meta property=\"og:site_name\" content=\"Montessori-Schule Traunstein\" \/>\n<meta property=\"article:publisher\" content=\"https:\/\/www.facebook.com\/montessoritraunstein\/\" \/>\n<meta property=\"article:modified_time\" content=\"2025-12-08T20:25:48+00:00\" \/>\n<meta name=\"twitter:card\" content=\"summary_large_image\" \/>\n<meta name=\"twitter:label1\" content=\"Gesch\u00e4tzte Lesezeit\" \/>\n\t<meta name=\"twitter:data1\" content=\"2\u00a0Minuten\" \/>\n<script type=\"application\/ld+json\" class=\"yoast-schema-graph\">{\"@context\":\"https:\\\/\\\/schema.org\",\"@graph\":[{\"@type\":\"WebPage\",\"@id\":\"https:\\\/\\\/montessori-traunstein.de\\\/index.php\\\/auszeichnungen-und-internationale-projekte\\\/\",\"url\":\"https:\\\/\\\/montessori-traunstein.de\\\/index.php\\\/auszeichnungen-und-internationale-projekte\\\/\",\"name\":\"Auszeichnungen und internationale Projekte &#8212; Montessori-Schule Traunstein\",\"isPartOf\":{\"@id\":\"https:\\\/\\\/montessori-traunstein.de\\\/#website\"},\"datePublished\":\"2025-12-08T19:49:55+00:00\",\"dateModified\":\"2025-12-08T20:25:48+00:00\",\"breadcrumb\":{\"@id\":\"https:\\\/\\\/montessori-traunstein.de\\\/index.php\\\/auszeichnungen-und-internationale-projekte\\\/#breadcrumb\"},\"inLanguage\":\"de\",\"potentialAction\":[{\"@type\":\"ReadAction\",\"target\":[\"https:\\\/\\\/montessori-traunstein.de\\\/index.php\\\/auszeichnungen-und-internationale-projekte\\\/\"]}]},{\"@type\":\"BreadcrumbList\",\"@id\":\"https:\\\/\\\/montessori-traunstein.de\\\/index.php\\\/auszeichnungen-und-internationale-projekte\\\/#breadcrumb\",\"itemListElement\":[{\"@type\":\"ListItem\",\"position\":1,\"name\":\"Startseite\",\"item\":\"https:\\\/\\\/montessori-traunstein.de\\\/\"},{\"@type\":\"ListItem\",\"position\":2,\"name\":\"Auszeichnungen und internationale Projekte\"}]},{\"@type\":\"WebSite\",\"@id\":\"https:\\\/\\\/montessori-traunstein.de\\\/#website\",\"url\":\"https:\\\/\\\/montessori-traunstein.de\\\/\",\"name\":\"Montessori-Schule Traunstein\",\"description\":\"Klassen 1-10\",\"publisher\":{\"@id\":\"https:\\\/\\\/montessori-traunstein.de\\\/#organization\"},\"potentialAction\":[{\"@type\":\"SearchAction\",\"target\":{\"@type\":\"EntryPoint\",\"urlTemplate\":\"https:\\\/\\\/montessori-traunstein.de\\\/?s={search_term_string}\"},\"query-input\":{\"@type\":\"PropertyValueSpecification\",\"valueRequired\":true,\"valueName\":\"search_term_string\"}}],\"inLanguage\":\"de\"},{\"@type\":\"Organization\",\"@id\":\"https:\\\/\\\/montessori-traunstein.de\\\/#organization\",\"name\":\"Montessori-Schule Traunstein\",\"url\":\"https:\\\/\\\/montessori-traunstein.de\\\/\",\"logo\":{\"@type\":\"ImageObject\",\"inLanguage\":\"de\",\"@id\":\"https:\\\/\\\/montessori-traunstein.de\\\/#\\\/schema\\\/logo\\\/image\\\/\",\"url\":\"https:\\\/\\\/montessori-traunstein.de\\\/wp-content\\\/uploads\\\/2020\\\/11\\\/cropped-Monte_Logo-e1438079341362.jpg\",\"contentUrl\":\"https:\\\/\\\/montessori-traunstein.de\\\/wp-content\\\/uploads\\\/2020\\\/11\\\/cropped-Monte_Logo-e1438079341362.jpg\",\"width\":512,\"height\":512,\"caption\":\"Montessori-Schule Traunstein\"},\"image\":{\"@id\":\"https:\\\/\\\/montessori-traunstein.de\\\/#\\\/schema\\\/logo\\\/image\\\/\"},\"sameAs\":[\"https:\\\/\\\/www.facebook.com\\\/montessoritraunstein\\\/\"]}]}<\/script>\n<!-- \/ Yoast SEO plugin. -->","yoast_head_json":{"title":"Auszeichnungen und internationale Projekte &#8212; Montessori-Schule Traunstein","robots":{"index":"index","follow":"follow","max-snippet":"max-snippet:-1","max-image-preview":"max-image-preview:large","max-video-preview":"max-video-preview:-1"},"canonical":"https:\/\/montessori-traunstein.de\/index.php\/auszeichnungen-und-internationale-projekte\/","og_locale":"de_DE","og_type":"article","og_title":"Auszeichnungen und internationale Projekte &#8212; Montessori-Schule Traunstein","og_description":"&nbsp; &nbsp; &nbsp; &nbsp; &nbsp; &nbsp; &nbsp; &nbsp; &nbsp; &nbsp; &nbsp; &nbsp; &nbsp; &nbsp; &nbsp; &nbsp; &nbsp; &nbsp; &nbsp; &nbsp; &nbsp; &nbsp;Wir sind \u201eUmweltschule \/ Internationale Nachhaltigkeitsschule 2024\u201325\u201c! Gro\u00dfe Freude und berechtigter Stolz an der Montessori-Schule Traunstein. Wir wurden als&nbsp;\u201eUmweltschule \/ Internationale Nachhaltigkeitsschule 2024\u201325\u201c mit einem Sternausgezeichnet und d\u00fcrfen diesen Titel nun f\u00fcr ein Jahr [&hellip;]","og_url":"https:\/\/montessori-traunstein.de\/index.php\/auszeichnungen-und-internationale-projekte\/","og_site_name":"Montessori-Schule Traunstein","article_publisher":"https:\/\/www.facebook.com\/montessoritraunstein\/","article_modified_time":"2025-12-08T20:25:48+00:00","twitter_card":"summary_large_image","twitter_misc":{"Gesch\u00e4tzte Lesezeit":"2\u00a0Minuten"},"schema":{"@context":"https:\/\/schema.org","@graph":[{"@type":"WebPage","@id":"https:\/\/montessori-traunstein.de\/index.php\/auszeichnungen-und-internationale-projekte\/","url":"https:\/\/montessori-traunstein.de\/index.php\/auszeichnungen-und-internationale-projekte\/","name":"Auszeichnungen und internationale Projekte &#8212; Montessori-Schule Traunstein","isPartOf":{"@id":"https:\/\/montessori-traunstein.de\/#website"},"datePublished":"2025-12-08T19:49:55+00:00","dateModified":"2025-12-08T20:25:48+00:00","breadcrumb":{"@id":"https:\/\/montessori-traunstein.de\/index.php\/auszeichnungen-und-internationale-projekte\/#breadcrumb"},"inLanguage":"de","potentialAction":[{"@type":"ReadAction","target":["https:\/\/montessori-traunstein.de\/index.php\/auszeichnungen-und-internationale-projekte\/"]}]},{"@type":"BreadcrumbList","@id":"https:\/\/montessori-traunstein.de\/index.php\/auszeichnungen-und-internationale-projekte\/#breadcrumb","itemListElement":[{"@type":"ListItem","position":1,"name":"Startseite","item":"https:\/\/montessori-traunstein.de\/"},{"@type":"ListItem","position":2,"name":"Auszeichnungen und internationale Projekte"}]},{"@type":"WebSite","@id":"https:\/\/montessori-traunstein.de\/#website","url":"https:\/\/montessori-traunstein.de\/","name":"Montessori-Schule Traunstein","description":"Klassen 1-10","publisher":{"@id":"https:\/\/montessori-traunstein.de\/#organization"},"potentialAction":[{"@type":"SearchAction","target":{"@type":"EntryPoint","urlTemplate":"https:\/\/montessori-traunstein.de\/?s={search_term_string}"},"query-input":{"@type":"PropertyValueSpecification","valueRequired":true,"valueName":"search_term_string"}}],"inLanguage":"de"},{"@type":"Organization","@id":"https:\/\/montessori-traunstein.de\/#organization","name":"Montessori-Schule Traunstein","url":"https:\/\/montessori-traunstein.de\/","logo":{"@type":"ImageObject","inLanguage":"de","@id":"https:\/\/montessori-traunstein.de\/#\/schema\/logo\/image\/","url":"https:\/\/montessori-traunstein.de\/wp-content\/uploads\/2020\/11\/cropped-Monte_Logo-e1438079341362.jpg","contentUrl":"https:\/\/montessori-traunstein.de\/wp-content\/uploads\/2020\/11\/cropped-Monte_Logo-e1438079341362.jpg","width":512,"height":512,"caption":"Montessori-Schule Traunstein"},"image":{"@id":"https:\/\/montessori-traunstein.de\/#\/schema\/logo\/image\/"},"sameAs":["https:\/\/www.facebook.com\/montessoritraunstein\/"]}]}},"_links":{"self":[{"href":"https:\/\/montessori-traunstein.de\/index.php\/wp-json\/wp\/v2\/pages\/7842","targetHints":{"allow":["GET"]}}],"collection":[{"href":"https:\/\/montessori-traunstein.de\/index.php\/wp-json\/wp\/v2\/pages"}],"about":[{"href":"https:\/\/montessori-traunstein.de\/index.php\/wp-json\/wp\/v2\/types\/page"}],"author":[{"embeddable":true,"href":"https:\/\/montessori-traunstein.de\/index.php\/wp-json\/wp\/v2\/users\/3"}],"replies":[{"embeddable":true,"href":"https:\/\/montessori-traunstein.de\/index.php\/wp-json\/wp\/v2\/comments?post=7842"}],"version-history":[{"count":10,"href":"https:\/\/montessori-traunstein.de\/index.php\/wp-json\/wp\/v2\/pages\/7842\/revisions"}],"predecessor-version":[{"id":7856,"href":"https:\/\/montessori-traunstein.de\/index.php\/wp-json\/wp\/v2\/pages\/7842\/revisions\/7856"}],"wp:attachment":[{"href":"https:\/\/montessori-traunstein.de\/index.php\/wp-json\/wp\/v2\/media?parent=7842"}],"wp:term":[{"taxonomy":"folder","embeddable":true,"href":"https:\/\/montessori-traunstein.de\/index.php\/wp-json\/wp\/v2\/folder?post=7842"}],"curies":[{"name":"wp","href":"https:\/\/api.w.org\/{rel}","templated":true}]}}