{"id":2987,"date":"2020-12-15T16:33:52","date_gmt":"2020-12-15T14:33:52","guid":{"rendered":"https:\/\/montessori-traunstein.de\/?page_id=2987"},"modified":"2022-09-29T15:12:29","modified_gmt":"2022-09-29T13:12:29","slug":"manos-que-ayudan-haende-die-helfen","status":"publish","type":"page","link":"https:\/\/montessori-traunstein.de\/index.php\/manos-que-ayudan-haende-die-helfen\/","title":{"rendered":"&#8222;Manos que ayudan \u2013 H\u00e4nde, die helfen\u201d"},"content":{"rendered":"\t\t<div data-elementor-type=\"wp-page\" data-elementor-id=\"2987\" class=\"elementor elementor-2987\" data-elementor-post-type=\"page\">\n\t\t\t\t\t\t<section class=\"elementor-section elementor-top-section elementor-element elementor-element-66cdddd elementor-section-boxed elementor-section-height-default elementor-section-height-default\" data-id=\"66cdddd\" data-element_type=\"section\" data-e-type=\"section\" data-settings=\"{&quot;background_background&quot;:&quot;classic&quot;}\">\n\t\t\t\t\t\t\t<div class=\"elementor-background-overlay\"><\/div>\n\t\t\t\t\t\t\t<div class=\"elementor-container elementor-column-gap-default\">\n\t\t\t\t\t<div class=\"elementor-column elementor-col-100 elementor-top-column elementor-element elementor-element-54c64cc\" data-id=\"54c64cc\" data-element_type=\"column\" data-e-type=\"column\">\n\t\t\t<div class=\"elementor-widget-wrap elementor-element-populated\">\n\t\t\t\t\t\t<div class=\"elementor-element elementor-element-6944849 elementor-widget elementor-widget-heading\" data-id=\"6944849\" data-element_type=\"widget\" data-e-type=\"widget\" data-widget_type=\"heading.default\">\n\t\t\t\t<div class=\"elementor-widget-container\">\n\t\t\t\t\t<h2 class=\"elementor-heading-title elementor-size-default\">manos que ayudan - H\u00e4nde die helfen<\/h2>\t\t\t\t<\/div>\n\t\t\t\t<\/div>\n\t\t\t\t<div class=\"elementor-element elementor-element-4b20eef elementor-widget elementor-widget-text-editor\" data-id=\"4b20eef\" data-element_type=\"widget\" data-e-type=\"widget\" data-widget_type=\"text-editor.default\">\n\t\t\t\t<div class=\"elementor-widget-container\">\n\t\t\t\t\t\t\t\t\t<div><span style=\"color: #000000;\">Seit September 2017 gibt es an der Montessori Schule ein Spendenprojekt, dass das \u00d6rtchen Las Galeras in der Dominikanischen Republik unterst\u00fctzt. Las Galeras liegt im Osten der Insel in der Provinz Saman\u00e1 und hat ca. 6000 Einwohner.<\/span><\/div><div><span style=\"color: #000000;\">Nur wenige wissen, dass die Dominikanische Republik ein extrem armes Land ist, ca. 40% der Bev\u00f6lkerung lebt unterhalb der Armutsgrenze. F\u00fcr viele ist jeder Tag ein Kampf ums \u00dcberleben und gegen den Hunger.<\/span><\/div><div><span style=\"color: #000000;\">Als\u00a02017 zwei schlimme Wirbelst\u00fcrme den Ort Las Galeras verw\u00fcstet hatten, wurde das Spendenprojekt ins Leben gerufen. Seitdem\u00a0haben wir viele Aktionen an der Schule wie Kuchenverkauf, Flohmarkt,\u00a0Spendenlauf, Benefizkonzert u.v.m. organisiert.\u00a0Durch\u00a0famili\u00e4re Beziehungen stellen wir sicher, dass 100% der Spenden genau da ankommen, wo sie dringend gebraucht werden.<\/span><br \/><span style=\"color: #000000;\"><br \/><\/span><\/div><div><span style=\"color: #000000;\">Wir konnten viele H\u00e4user neu bauen oder wieder aufbauen, wir versorgen die Menschen mit Lebensmitteln, zahlen Krankenhausaufenthalte, Arztbesuche oder Medikamente und versuchen ihre Lebensumst\u00e4nde, z.B. durch Legung von Wasserleitungen, Bauen sanit\u00e4rer Anlagen etc., zu verbessern. Regelm\u00e4\u00dfig machen wir uns pers\u00f6nlich vor Ort ein Bild von der Lage und packen mit an.<\/span><\/div><div><span style=\"color: #000000;\">Ein gro\u00dfes Dankesch\u00f6n an alle, die uns mit ihrer kleinen oder gro\u00dfen Spende unterst\u00fctzen!<\/span><\/div><div>Spenden k\u00f6nnen jederzeit bei Anna Ciprian (O3) abgegeben werden.<\/div><div>\u00a0<\/div><div>Kontakt: <a href=\"http:\/\/anna.ciprian\">anna.ciprian<\/a>(at)monte-ts.de<\/div><div>\u00a0<\/div>\t\t\t\t\t\t\t\t<\/div>\n\t\t\t\t<\/div>\n\t\t\t\t\t<\/div>\n\t\t<\/div>\n\t\t\t\t\t<\/div>\n\t\t<\/section>\n\t\t\t\t<section class=\"elementor-section elementor-top-section elementor-element elementor-element-84c45c9 elementor-section-boxed elementor-section-height-default elementor-section-height-default\" data-id=\"84c45c9\" data-element_type=\"section\" data-e-type=\"section\">\n\t\t\t\t\t\t<div class=\"elementor-container elementor-column-gap-default\">\n\t\t\t\t\t<div class=\"elementor-column elementor-col-100 elementor-top-column elementor-element elementor-element-df5f5b6\" data-id=\"df5f5b6\" data-element_type=\"column\" data-e-type=\"column\">\n\t\t\t<div class=\"elementor-widget-wrap elementor-element-populated\">\n\t\t\t\t\t\t<div class=\"elementor-element elementor-element-c2e6287 elementor-widget elementor-widget-heading\" data-id=\"c2e6287\" data-element_type=\"widget\" data-e-type=\"widget\" data-widget_type=\"heading.default\">\n\t\t\t\t<div class=\"elementor-widget-container\">\n\t\t\t\t\t<h2 class=\"elementor-heading-title elementor-size-default\">manos que ayudan - Jahresberichte <\/h2>\t\t\t\t<\/div>\n\t\t\t\t<\/div>\n\t\t\t\t<section class=\"elementor-section elementor-inner-section elementor-element elementor-element-8a8f61a elementor-section-boxed elementor-section-height-default elementor-section-height-default\" data-id=\"8a8f61a\" data-element_type=\"section\" data-e-type=\"section\">\n\t\t\t\t\t\t<div class=\"elementor-container elementor-column-gap-default\">\n\t\t\t\t\t<div class=\"elementor-column elementor-col-100 elementor-inner-column elementor-element elementor-element-12a8ae8\" data-id=\"12a8ae8\" data-element_type=\"column\" data-e-type=\"column\">\n\t\t\t<div class=\"elementor-widget-wrap elementor-element-populated\">\n\t\t\t\t\t\t<div class=\"elementor-element elementor-element-da7e4a9 elementor-widget__width-initial elementor-widget elementor-widget-button\" data-id=\"da7e4a9\" data-element_type=\"widget\" data-e-type=\"widget\" data-widget_type=\"button.default\">\n\t\t\t\t<div class=\"elementor-widget-container\">\n\t\t\t\t\t\t\t\t\t<div class=\"elementor-button-wrapper\">\n\t\t\t\t\t<a class=\"elementor-button elementor-button-link elementor-size-sm\" href=\"https:\/\/montessori-traunstein.de\/index.php\/manos-que-ayudan-2021\/\">\n\t\t\t\t\t\t<span class=\"elementor-button-content-wrapper\">\n\t\t\t\t\t\t\t\t\t<span class=\"elementor-button-text\">2021<\/span>\n\t\t\t\t\t<\/span>\n\t\t\t\t\t<\/a>\n\t\t\t\t<\/div>\n\t\t\t\t\t\t\t\t<\/div>\n\t\t\t\t<\/div>\n\t\t\t\t<div class=\"elementor-element elementor-element-8dc4e46 elementor-widget__width-initial elementor-widget elementor-widget-button\" data-id=\"8dc4e46\" data-element_type=\"widget\" data-e-type=\"widget\" data-widget_type=\"button.default\">\n\t\t\t\t<div class=\"elementor-widget-container\">\n\t\t\t\t\t\t\t\t\t<div class=\"elementor-button-wrapper\">\n\t\t\t\t\t<a class=\"elementor-button elementor-button-link elementor-size-sm\" href=\"https:\/\/montessori-traunstein.de\/index.php\/manos-que-ayudan-haende-die-helfen-2020\/\">\n\t\t\t\t\t\t<span class=\"elementor-button-content-wrapper\">\n\t\t\t\t\t\t\t\t\t<span class=\"elementor-button-text\">2020<\/span>\n\t\t\t\t\t<\/span>\n\t\t\t\t\t<\/a>\n\t\t\t\t<\/div>\n\t\t\t\t\t\t\t\t<\/div>\n\t\t\t\t<\/div>\n\t\t\t\t<div class=\"elementor-element elementor-element-6d19376 elementor-widget__width-initial elementor-widget elementor-widget-button\" data-id=\"6d19376\" data-element_type=\"widget\" data-e-type=\"widget\" data-widget_type=\"button.default\">\n\t\t\t\t<div class=\"elementor-widget-container\">\n\t\t\t\t\t\t\t\t\t<div class=\"elementor-button-wrapper\">\n\t\t\t\t\t<a class=\"elementor-button elementor-button-link elementor-size-sm\" href=\"https:\/\/montessori-traunstein.de\/index.php\/manos-que-ayudan-haende-die-helfen-2019\/\">\n\t\t\t\t\t\t<span class=\"elementor-button-content-wrapper\">\n\t\t\t\t\t\t\t\t\t<span class=\"elementor-button-text\">2019<\/span>\n\t\t\t\t\t<\/span>\n\t\t\t\t\t<\/a>\n\t\t\t\t<\/div>\n\t\t\t\t\t\t\t\t<\/div>\n\t\t\t\t<\/div>\n\t\t\t\t<div class=\"elementor-element elementor-element-b4af3e9 elementor-widget__width-initial elementor-widget elementor-widget-button\" data-id=\"b4af3e9\" data-element_type=\"widget\" data-e-type=\"widget\" data-widget_type=\"button.default\">\n\t\t\t\t<div class=\"elementor-widget-container\">\n\t\t\t\t\t\t\t\t\t<div class=\"elementor-button-wrapper\">\n\t\t\t\t\t<a class=\"elementor-button elementor-button-link elementor-size-sm\" href=\"https:\/\/montessori-traunstein.de\/index.php\/manos-que-ayudan-haende-die-helfen-2018\/\">\n\t\t\t\t\t\t<span class=\"elementor-button-content-wrapper\">\n\t\t\t\t\t\t\t\t\t<span class=\"elementor-button-text\">2018<\/span>\n\t\t\t\t\t<\/span>\n\t\t\t\t\t<\/a>\n\t\t\t\t<\/div>\n\t\t\t\t\t\t\t\t<\/div>\n\t\t\t\t<\/div>\n\t\t\t\t<div class=\"elementor-element elementor-element-7532dad elementor-align-left elementor-widget__width-initial elementor-widget elementor-widget-button\" data-id=\"7532dad\" data-element_type=\"widget\" data-e-type=\"widget\" data-widget_type=\"button.default\">\n\t\t\t\t<div class=\"elementor-widget-container\">\n\t\t\t\t\t\t\t\t\t<div class=\"elementor-button-wrapper\">\n\t\t\t\t\t<a class=\"elementor-button elementor-button-link elementor-size-sm\" href=\"https:\/\/montessori-traunstein.de\/index.php\/unesco-projekt-schule-2020\/\">\n\t\t\t\t\t\t<span class=\"elementor-button-content-wrapper\">\n\t\t\t\t\t\t\t\t\t<span class=\"elementor-button-text\">2017<\/span>\n\t\t\t\t\t<\/span>\n\t\t\t\t\t<\/a>\n\t\t\t\t<\/div>\n\t\t\t\t\t\t\t\t<\/div>\n\t\t\t\t<\/div>\n\t\t\t\t\t<\/div>\n\t\t<\/div>\n\t\t\t\t\t<\/div>\n\t\t<\/section>\n\t\t\t\t\t<\/div>\n\t\t<\/div>\n\t\t\t\t\t<\/div>\n\t\t<\/section>\n\t\t\t\t<\/div>\n\t\t","protected":false},"excerpt":{"rendered":"<p>manos que ayudan &#8211; H\u00e4nde die helfen Seit September 2017 gibt es an der Montessori Schule ein Spendenprojekt, dass das \u00d6rtchen Las Galeras in der Dominikanischen Republik unterst\u00fctzt. Las Galeras liegt im Osten der Insel in der Provinz Saman\u00e1 und hat ca. 6000 Einwohner.Nur wenige wissen, dass die Dominikanische Republik ein extrem armes Land ist, [&hellip;]<\/p>\n","protected":false},"author":2,"featured_media":0,"parent":0,"menu_order":0,"comment_status":"closed","ping_status":"closed","template":"","meta":{"footnotes":""},"folder":[],"class_list":["post-2987","page","type-page","status-publish","hentry"],"yoast_head":"<!-- This site is optimized with the Yoast SEO plugin v27.4 - https:\/\/yoast.com\/product\/yoast-seo-wordpress\/ -->\n<title>&quot;Manos que ayudan \u2013 H\u00e4nde, die helfen\u201d &#8212; Montessori-Schule Traunstein<\/title>\n<meta name=\"robots\" content=\"index, follow, max-snippet:-1, max-image-preview:large, max-video-preview:-1\" \/>\n<link rel=\"canonical\" href=\"https:\/\/montessori-traunstein.de\/index.php\/manos-que-ayudan-haende-die-helfen\/\" \/>\n<meta property=\"og:locale\" content=\"de_DE\" \/>\n<meta property=\"og:type\" content=\"article\" \/>\n<meta property=\"og:title\" content=\"&quot;Manos que ayudan \u2013 H\u00e4nde, die helfen\u201d &#8212; Montessori-Schule Traunstein\" \/>\n<meta property=\"og:description\" content=\"manos que ayudan &#8211; H\u00e4nde die helfen Seit September 2017 gibt es an der Montessori Schule ein Spendenprojekt, dass das \u00d6rtchen Las Galeras in der Dominikanischen Republik unterst\u00fctzt. Las Galeras liegt im Osten der Insel in der Provinz Saman\u00e1 und hat ca. 6000 Einwohner.Nur wenige wissen, dass die Dominikanische Republik ein extrem armes Land ist, [&hellip;]\" \/>\n<meta property=\"og:url\" content=\"https:\/\/montessori-traunstein.de\/index.php\/manos-que-ayudan-haende-die-helfen\/\" \/>\n<meta property=\"og:site_name\" content=\"Montessori-Schule Traunstein\" \/>\n<meta property=\"article:publisher\" content=\"https:\/\/www.facebook.com\/montessoritraunstein\/\" \/>\n<meta property=\"article:modified_time\" content=\"2022-09-29T13:12:29+00:00\" \/>\n<meta name=\"twitter:card\" content=\"summary_large_image\" \/>\n<meta name=\"twitter:label1\" content=\"Gesch\u00e4tzte Lesezeit\" \/>\n\t<meta name=\"twitter:data1\" content=\"2\u00a0Minuten\" \/>\n<script type=\"application\/ld+json\" class=\"yoast-schema-graph\">{\"@context\":\"https:\\\/\\\/schema.org\",\"@graph\":[{\"@type\":\"WebPage\",\"@id\":\"https:\\\/\\\/montessori-traunstein.de\\\/index.php\\\/manos-que-ayudan-haende-die-helfen\\\/\",\"url\":\"https:\\\/\\\/montessori-traunstein.de\\\/index.php\\\/manos-que-ayudan-haende-die-helfen\\\/\",\"name\":\"\\\"Manos que ayudan \u2013 H\u00e4nde, die helfen\u201d &#8212; Montessori-Schule Traunstein\",\"isPartOf\":{\"@id\":\"https:\\\/\\\/montessori-traunstein.de\\\/#website\"},\"datePublished\":\"2020-12-15T14:33:52+00:00\",\"dateModified\":\"2022-09-29T13:12:29+00:00\",\"breadcrumb\":{\"@id\":\"https:\\\/\\\/montessori-traunstein.de\\\/index.php\\\/manos-que-ayudan-haende-die-helfen\\\/#breadcrumb\"},\"inLanguage\":\"de\",\"potentialAction\":[{\"@type\":\"ReadAction\",\"target\":[\"https:\\\/\\\/montessori-traunstein.de\\\/index.php\\\/manos-que-ayudan-haende-die-helfen\\\/\"]}]},{\"@type\":\"BreadcrumbList\",\"@id\":\"https:\\\/\\\/montessori-traunstein.de\\\/index.php\\\/manos-que-ayudan-haende-die-helfen\\\/#breadcrumb\",\"itemListElement\":[{\"@type\":\"ListItem\",\"position\":1,\"name\":\"Startseite\",\"item\":\"https:\\\/\\\/montessori-traunstein.de\\\/\"},{\"@type\":\"ListItem\",\"position\":2,\"name\":\"&#8220;Manos que ayudan \u2013 H\u00e4nde, die helfen\u201d\"}]},{\"@type\":\"WebSite\",\"@id\":\"https:\\\/\\\/montessori-traunstein.de\\\/#website\",\"url\":\"https:\\\/\\\/montessori-traunstein.de\\\/\",\"name\":\"Montessori-Schule Traunstein\",\"description\":\"Klassen 1-10\",\"publisher\":{\"@id\":\"https:\\\/\\\/montessori-traunstein.de\\\/#organization\"},\"potentialAction\":[{\"@type\":\"SearchAction\",\"target\":{\"@type\":\"EntryPoint\",\"urlTemplate\":\"https:\\\/\\\/montessori-traunstein.de\\\/?s={search_term_string}\"},\"query-input\":{\"@type\":\"PropertyValueSpecification\",\"valueRequired\":true,\"valueName\":\"search_term_string\"}}],\"inLanguage\":\"de\"},{\"@type\":\"Organization\",\"@id\":\"https:\\\/\\\/montessori-traunstein.de\\\/#organization\",\"name\":\"Montessori-Schule Traunstein\",\"url\":\"https:\\\/\\\/montessori-traunstein.de\\\/\",\"logo\":{\"@type\":\"ImageObject\",\"inLanguage\":\"de\",\"@id\":\"https:\\\/\\\/montessori-traunstein.de\\\/#\\\/schema\\\/logo\\\/image\\\/\",\"url\":\"https:\\\/\\\/montessori-traunstein.de\\\/wp-content\\\/uploads\\\/2020\\\/11\\\/cropped-Monte_Logo-e1438079341362.jpg\",\"contentUrl\":\"https:\\\/\\\/montessori-traunstein.de\\\/wp-content\\\/uploads\\\/2020\\\/11\\\/cropped-Monte_Logo-e1438079341362.jpg\",\"width\":512,\"height\":512,\"caption\":\"Montessori-Schule Traunstein\"},\"image\":{\"@id\":\"https:\\\/\\\/montessori-traunstein.de\\\/#\\\/schema\\\/logo\\\/image\\\/\"},\"sameAs\":[\"https:\\\/\\\/www.facebook.com\\\/montessoritraunstein\\\/\"]}]}<\/script>\n<!-- \/ Yoast SEO plugin. -->","yoast_head_json":{"title":"\"Manos que ayudan \u2013 H\u00e4nde, die helfen\u201d &#8212; Montessori-Schule Traunstein","robots":{"index":"index","follow":"follow","max-snippet":"max-snippet:-1","max-image-preview":"max-image-preview:large","max-video-preview":"max-video-preview:-1"},"canonical":"https:\/\/montessori-traunstein.de\/index.php\/manos-que-ayudan-haende-die-helfen\/","og_locale":"de_DE","og_type":"article","og_title":"\"Manos que ayudan \u2013 H\u00e4nde, die helfen\u201d &#8212; Montessori-Schule Traunstein","og_description":"manos que ayudan &#8211; H\u00e4nde die helfen Seit September 2017 gibt es an der Montessori Schule ein Spendenprojekt, dass das \u00d6rtchen Las Galeras in der Dominikanischen Republik unterst\u00fctzt. Las Galeras liegt im Osten der Insel in der Provinz Saman\u00e1 und hat ca. 6000 Einwohner.Nur wenige wissen, dass die Dominikanische Republik ein extrem armes Land ist, [&hellip;]","og_url":"https:\/\/montessori-traunstein.de\/index.php\/manos-que-ayudan-haende-die-helfen\/","og_site_name":"Montessori-Schule Traunstein","article_publisher":"https:\/\/www.facebook.com\/montessoritraunstein\/","article_modified_time":"2022-09-29T13:12:29+00:00","twitter_card":"summary_large_image","twitter_misc":{"Gesch\u00e4tzte Lesezeit":"2\u00a0Minuten"},"schema":{"@context":"https:\/\/schema.org","@graph":[{"@type":"WebPage","@id":"https:\/\/montessori-traunstein.de\/index.php\/manos-que-ayudan-haende-die-helfen\/","url":"https:\/\/montessori-traunstein.de\/index.php\/manos-que-ayudan-haende-die-helfen\/","name":"\"Manos que ayudan \u2013 H\u00e4nde, die helfen\u201d &#8212; Montessori-Schule Traunstein","isPartOf":{"@id":"https:\/\/montessori-traunstein.de\/#website"},"datePublished":"2020-12-15T14:33:52+00:00","dateModified":"2022-09-29T13:12:29+00:00","breadcrumb":{"@id":"https:\/\/montessori-traunstein.de\/index.php\/manos-que-ayudan-haende-die-helfen\/#breadcrumb"},"inLanguage":"de","potentialAction":[{"@type":"ReadAction","target":["https:\/\/montessori-traunstein.de\/index.php\/manos-que-ayudan-haende-die-helfen\/"]}]},{"@type":"BreadcrumbList","@id":"https:\/\/montessori-traunstein.de\/index.php\/manos-que-ayudan-haende-die-helfen\/#breadcrumb","itemListElement":[{"@type":"ListItem","position":1,"name":"Startseite","item":"https:\/\/montessori-traunstein.de\/"},{"@type":"ListItem","position":2,"name":"&#8220;Manos que ayudan \u2013 H\u00e4nde, die helfen\u201d"}]},{"@type":"WebSite","@id":"https:\/\/montessori-traunstein.de\/#website","url":"https:\/\/montessori-traunstein.de\/","name":"Montessori-Schule Traunstein","description":"Klassen 1-10","publisher":{"@id":"https:\/\/montessori-traunstein.de\/#organization"},"potentialAction":[{"@type":"SearchAction","target":{"@type":"EntryPoint","urlTemplate":"https:\/\/montessori-traunstein.de\/?s={search_term_string}"},"query-input":{"@type":"PropertyValueSpecification","valueRequired":true,"valueName":"search_term_string"}}],"inLanguage":"de"},{"@type":"Organization","@id":"https:\/\/montessori-traunstein.de\/#organization","name":"Montessori-Schule Traunstein","url":"https:\/\/montessori-traunstein.de\/","logo":{"@type":"ImageObject","inLanguage":"de","@id":"https:\/\/montessori-traunstein.de\/#\/schema\/logo\/image\/","url":"https:\/\/montessori-traunstein.de\/wp-content\/uploads\/2020\/11\/cropped-Monte_Logo-e1438079341362.jpg","contentUrl":"https:\/\/montessori-traunstein.de\/wp-content\/uploads\/2020\/11\/cropped-Monte_Logo-e1438079341362.jpg","width":512,"height":512,"caption":"Montessori-Schule Traunstein"},"image":{"@id":"https:\/\/montessori-traunstein.de\/#\/schema\/logo\/image\/"},"sameAs":["https:\/\/www.facebook.com\/montessoritraunstein\/"]}]}},"_links":{"self":[{"href":"https:\/\/montessori-traunstein.de\/index.php\/wp-json\/wp\/v2\/pages\/2987","targetHints":{"allow":["GET"]}}],"collection":[{"href":"https:\/\/montessori-traunstein.de\/index.php\/wp-json\/wp\/v2\/pages"}],"about":[{"href":"https:\/\/montessori-traunstein.de\/index.php\/wp-json\/wp\/v2\/types\/page"}],"author":[{"embeddable":true,"href":"https:\/\/montessori-traunstein.de\/index.php\/wp-json\/wp\/v2\/users\/2"}],"replies":[{"embeddable":true,"href":"https:\/\/montessori-traunstein.de\/index.php\/wp-json\/wp\/v2\/comments?post=2987"}],"version-history":[{"count":95,"href":"https:\/\/montessori-traunstein.de\/index.php\/wp-json\/wp\/v2\/pages\/2987\/revisions"}],"predecessor-version":[{"id":5893,"href":"https:\/\/montessori-traunstein.de\/index.php\/wp-json\/wp\/v2\/pages\/2987\/revisions\/5893"}],"wp:attachment":[{"href":"https:\/\/montessori-traunstein.de\/index.php\/wp-json\/wp\/v2\/media?parent=2987"}],"wp:term":[{"taxonomy":"folder","embeddable":true,"href":"https:\/\/montessori-traunstein.de\/index.php\/wp-json\/wp\/v2\/folder?post=2987"}],"curies":[{"name":"wp","href":"https:\/\/api.w.org\/{rel}","templated":true}]}}